 = 3*d + 2*o - 2386, 0 = -5*d - 5*o + 5400. What is the units digit of d?
1
Suppose 82*g = 28487 + 85515 - 6828. What is the tens digit of g?
0
What is the tens digit of -15 + (-39555)/(-9) + -13?
6
Suppose -43 + 51 = 4*k. Suppose 9*r = -k*r + 2024. What is the hundreds digit of r?
1
Suppose -2*r - 1382 = 2*w - 6*w, -3*r + w = 2068. Let f = -194 - r. What is the tens digit of f?
9
Let o be (36/14)/((-441)/(-1029)). Let d(h) = 65*h - 55. Let r(g) = 16*g - 14. Let a(c) = 6*d(c) - 22*r(c). What is the units digit of a(o)?
6
What is the units digit of (-4384095)/(-120) + 5/(-40) - (-21)/7?
7
Suppose f = -5*b + 11056, 0 = 2*f - 4*b - 12238 - 9916. What is the ten thousands digit of f?
1
Let x = 51456 + -28832. What is the thousands digit of x?
2
Suppose -781 + 181 = -5*p. Let h = 58 - p. Let d = h - -121. What is the tens digit of d?
5
Let z(f) = f**3 - 24*f**2 - 25*f - 4. Let b be z(25). Let v be (1/(-1))/(-1) - (b + -5). Suppose j = v*j - 1890. What is the tens digit of j?
1
Suppose -3*s + 2 = -t - 9, 2*s = -t + 14. Suppose -t*a + 3437 = -99. What is the tens digit of a?
8
Suppose -5*j + 90 = -5*f, -3*j + f = j - 81. Let q(r) be the second derivative of r**4/12 - 5*r**3/6 - 25*r**2 + 26*r - 1. What is the tens digit of q(j)?
8
Let g = 61513 + -36267. What is the units digit of g?
6
Let l(t) = -t**2 + 5*t + 27. Let n be l(8). Suppose n*u + 3*o - 12 = 0, -u - 3*u = 2*o - 12. What is the tens digit of (-3)/(u + -5) - -75?
7
Suppose r = -7*j + 279946, 23119 + 176841 = 5*j + r. What is the ten thousands digit of j?
3
Let o = 2132 + -5321. Let r = -2222 - o. What is the tens digit of r?
6
Suppose -4*b = 4*n - 20, -b - 7 = 3*n - 8*n. Let m(h) = 4*h - 9. Let v be m(b). Suppose -v*d + 57 = -120. What is the tens digit of d?
5
Let h(u) be the third derivative of 11*u**4/12 - 17*u**3/6 + 8*u**2. Let z(d) = -109*d + 85. Let m(v) = 11*h(v) + 2*z(v). What is the hundreds digit of m(5)?
1
Let z(f) = -f + 9. Let t be z(8). Suppose -w = -t - 18. Suppose 4*n - w - 57 = 0. What is the tens digit of n?
1
Let k = 1988 + 4599. What is the hundreds digit of k?
5
Suppose 0 = -3*j + 2*f + 98, -96 = -0*j - 3*j + 3*f. Let n = 41 - j. What is the tens digit of 1/(-2)*(n - 185)?
8
Suppose 48 = -15*h + 3. What is the tens digit of ((-88)/h)/((-3)/(-45))?
4
Let x = -70 - -72. Suppose 381 + 251 = a + x*b, -3*b - 1914 = -3*a. What is the hundreds digit of a?
6
Suppose f - 4*v = -3*f + 24, 3*v = -f - 6. Suppose d - 220 = 4*z, 4*d - 13 - f = 0. Let w = -29 - z. What is the units digit of w?
5
Let h(s) = 113*s**2 + 113*s - 1808. What is the units digit of h(14)?
2
Let s(f) = -4 + f**2 - 5*f + 11 + 0 + 1. What is the units digit of s(-8)?
2
Let q(z) = -4*z - 14. Let o be q(-2). What is the tens digit of 9 + (-6)/(6/o)?
1
Let j(p) = 2*p**2 + 61*p + 869. What is the hundreds digit of j(-44)?
0
Let s(l) = -l**3 + 49*l**2 - 67*l + 181. What is the units digit of s(45)?
6
Let s be 816/216 + 8/36. Let p(b) = 27*b**2 - 7*b + 16. What is the units digit of p(s)?
0
Suppose 224 = -141*l + 157*l. Suppose 0 = 4*z + 3*f - 3032, l*z = 19*z - 4*f - 3790. What is the hundreds digit of z?
7
Let a be (-3)/2*120/(-45). Suppose 3*y - 4*q = 3053, 1792 = a*y + q - 2266. What is the thousands digit of y?
1
Let g(t) = 6*t + 37. Suppose -36 = -15*b + 11*b. What is the units digit of g(b)?
1
Suppose -n = -5*a + 2*a + 34, -8 = -a - 3*n. Suppose -j + 2*z - 8 = a, -4*j - 46 = -2*z. Let d(u) = -u**3 - 10*u**2 - 12*u - 7. What is the units digit of d(j)?
0
Suppose 2*l = -140*h + 141*h - 45665, 2*h - 91351 = -3*l. What is the thousands digit of h?
5
Suppose 700 + 395 = 3*h. Suppose -4*c = -9*c - 5*g + h, -3*g + 290 = 4*c. Let z = 134 - c. What is the units digit of z?
3
Suppose 228*w - 1581 = 245*w. Suppose 4*x - x = -12, 5*x - 114 = -j. Let z = j + w. What is the units digit of z?
1
Suppose 3*f + 3*k = 164760, 300*f - 54944 = 299*f + 3*k. What is the units digit of f?
6
Let z be 415/(1 - -4) + 1. Let l be 15 - 2/((-7)/(z/(-8))). Suppose -17 = -g - l. What is the units digit of g?
5
Let o = -73 + 128. Suppose 4*t = -o - 101. Let u = t + 75. What is the tens digit of u?
3
Let f(m) = -4*m**3 - 17*m**2 - 35*m - 17. What is the hundreds digit of f(-10)?
6
What is the units digit of (-27)/108 + (3 - 96108)/(2 + -6)?
6
Suppose -5*d - 3*o + 3360 = 0, -3*d + 3268 = 5*o + 1268. Suppose -5*z + 3*c + d = 0, 4*c = 5*z - 3*z - 256. What is the units digit of z?
8
Suppose 5 = w, w - 47 = 2*u + 114. Let y = 501 + u. What is the hundreds digit of y?
4
What is the units digit of -6*10/15 - (16 - 18497)?
7
Let c(o) = -31*o - 66. Suppose -f - 22 = 3*w, -f - 5*w + 13 = -9*w. What is the tens digit of c(f)?
5
Suppose -3*d - 22299 = -w, 32*w + 111457 = 37*w + 4*d. What is the thousands digit of w?
2
Suppose 2*n + 2*l = 3*n - 27, -5*n + 150 = 5*l. Suppose 41*v + n = 40*v. What is the tens digit of (2 + 1 - 9)*(v + 2)?
6
Let x be -3 - (-2*1)/((-36)/(-54)). Suppose -6*i + 175 - 1 = x. What is the tens digit of i?
2
Suppose 2*m - 9*w - 12 = -8*w, -3*w - 18 = -3*m. What is the tens digit of 3 + m + -9 + 580?
8
Suppose 7*c - 10 = 18. Suppose g = 5*x - 280, -168 = -3*x + 3*g - c*g. What is the hundreds digit of (-1 - 75)*x/(-32)?
1
Let s = -6372 + 11625. What is the units digit of s?
3
Let u be (4/(-10))/((-35)/30450). Let m = u - 198. What is the tens digit of m?
5
Suppose 24 = 29*z - 23*z. Suppose -74 = 5*a - z*t, 4*a + t + 101 - 25 = 0. What is the hundreds digit of (-6)/a - 2490/(-9)?
2
Let l(n) = -69*n + 925. What is the units digit of l(-53)?
2
Let q = -595 - -223. Let s = -317 - q. What is the tens digit of s?
5
Suppose -6*g + 490 = g. Let w = 66 - g. What is the tens digit of 57 + -2 - 4/w?
5
Suppose 4*s - c = 101831, 814*s - 4*c = 811*s + 76357. What is the thousands digit of s?
5
Let n = 35457 + -25000. What is the units digit of n?
7
Suppose 3*k + 249 = n, 4*k = 8*n - 5*n - 742. Suppose -5*z + 1739 = -4*h, -2*h - 942 = -2*z - n. What is the hundreds digit of z?
3
Suppose -4*a = -22 + 14. Let p(o) = -5*o**2 + 380*o**3 + 3*o - 10 + o - a*o - 379*o**3. What is the units digit of p(6)?
8
Suppose 9*a + 5*t + 5737 = 5*a, -4*a - 3*t = 5735. Let w = a - -2427. What is the hundreds digit of w?
9
Suppose 3*o - o + 4*f = 26, -2*o + 4*f + 42 = 0. Let y = o - -277. What is the units digit of y?
4
Let s(r) = -9*r + 45. Let v = -5 - -10. Let t be s(v). Suppose 0 = 3*i - 2*w - 415, 3*i + t*w = -5*w + 422. What is the hundreds digit of i?
1
Let t(i) = i**3 + 32*i**2 - 20*i - 67. Let o be t(-31). Suppose 9*d - 6626 + o = 0. What is the hundreds digit of d?
5
Suppose -1878 = -4*i + 6*i. Let o = i - -1654. Suppose -12*l + o = -1049. What is the hundreds digit of l?
1
What is the units digit of (-6460)/51*474/(-8)?
5
Let k = 7243 + -4598. What is the tens digit of k?
4
Let y(w) = -w**2 - 16*w + 41. Let d be y(-15). What is the units digit of (2996/d)/((-2)/(-12))?
1
Let m be ((48/4)/(-6))/(1/(-13)). Suppose 30*s + 980 = m*s. Let p = 423 + s. What is the hundreds digit of p?
1
Suppose -t = t + 3*t. Suppose 33*l - 34*l + 118 = t. Suppose 502 = 5*f - 3*h - l, 2*h = -3*f + 353. What is the units digit of f?
1
Let n = 103 + -107. Let y(b) = -b**2 + 8*b - 16. Let t be y(5). What is the units digit of 0 + t*(12/n + -87)?
0
Suppose 23*j = 333651 + 655533. What is the tens digit of (0 - 3) + j/64?
6
Let f = -4657 + 16517. What is the units digit of f?
0
Let j be 13/4 - (-9)/(-36). Let m be 1/2 - (-130)/4. Suppose 3*x - m = -a, -j*a + x + 59 = 2*x. What is the tens digit of a?
1
Suppose 9*f - o = 4*f + 51390, 2*o - 30847 = -3*f. What is the hundreds digit of f?
2
Let u be 7/(-8) - 13/104. Let p be (2/4)/(u/18*-3). Suppose -p*d - 15 = -2*q - 207, 2*d + 2*q = 128. What is the units digit of d?
4
Suppose -5*s - 2*n = -27614, -5*s = 11*n - 8*n - 27616. What is the thousands digit of s?
5
Let i(n) = n**3 + 3*n**2 + 3. Let v be i(-2). Suppose 0 = 9*x - v*x - 752. What is the hundreds digit of x?
3
Let b(z) = -10*z**3 - 287*z**2 + 66*z + 25. What is the units digit of b(-31)?
2
Let g(q) = -q**3 + 3*q**2 + 3*q + 13. Let a be (4/10)/(-2 + (-133)/(-70)). What is the units digit of g(a)?
3
Let u be (-170)/(-70) + (-8)/(-14). Suppose -163 - 404 = -u*d. Suppose 2*x + d = -0*q + q, -q - 4*x + 183 = 0. What is the units digit of q?
7
What is the tens digit of 4573 + 15*9/